
2, 56302013
What are the prime factors of 74927916?
2, 3, 7, 33037
What are the prime factors of 7477179695?
5, 31, 89, 542021
List the prime factors of 257430207.
3, 43, 1995583
List the prime factors of 354828451.
149, 307, 7757
What are the prime factors of 549694?
2, 274847
List the prime factors of 853697244.
2, 3, 29, 41, 59833
List the prime factors of 5614639330.
2, 5, 991, 566563
What are the prime factors of 748059153?
3, 23, 2143, 5059
What are the prime factors of 1602847176?
2, 3, 7, 17, 33013
What are the prime factors of 218774414?
2, 37, 79903
List the prime factors of 351409998.
2, 3, 757, 77369
What are the prime factors of 432237461?
17, 3181, 7993
List the prime factors of 1551064404.
2, 3, 1237, 104491
What are the prime factors of 3563209798?
2, 1781604899
List the prime factors of 6203652084.
2, 3, 7, 89, 137, 673
List the prime factors of 38763457.
37, 157, 6673
What are the prime factors of 348079927?
13, 26775379
What are the prime factors of 379901376?
2, 3, 47, 14033
What are the prime factors of 607108709?
17, 967, 36931
List the prime factors of 141356423.
13, 251, 43321
List the prime factors of 80519062.
2, 13, 757, 4091
What are the prime factors of 456296711?
13, 17, 131, 15761
What are the prime factors of 20810837?
23, 181, 4999
List the prime factors of 64554024.
2, 3, 59, 45589
List the prime factors of 635014838.
2, 17, 47, 173, 2297
List the prime factors of 650067928.
2, 149, 547, 997
What are the prime factors of 1113795689?
53, 21015013
List the prime factors of 6375.
3, 5, 17
List the prime factors of 3410945060.
2, 5, 170547253
List the prime factors of 807914796.
2, 3, 13, 5178941
What are the prime factors of 146883131?
47, 3125173
List the prime factors of 74536173.
3, 127, 21737
What are the prime factors of 586467705?
3, 5, 3719, 10513
List the prime factors of 54586679.
7, 7798097
What are the prime factors of 1606854609?
3, 178539401
What are the prime factors of 3466438281?
3, 128386603
List the prime factors of 20138766.
2, 3, 103, 32587
What are the prime factors of 399201087?
3, 23, 5785523
What are the prime factors of 1617780792?
2, 3, 17, 503, 7883
What are the prime factors of 130204063?
11, 89, 179, 743
List the prime factors of 740185035.
3, 5, 49345669
What are the prime factors of 4660179803?
4463, 1044181
List the prime factors of 97979874.
2, 3, 17, 960587
What are the prime factors of 19872078?
2, 3, 3312013
List the prime factors of 384632973.
3, 17, 2513941
List the prime factors of 2989309442.
2, 7, 593, 360071
What are the prime factors of 156464006?
2, 31, 149, 16937
What are the prime factors of 87649845?
3, 5, 5843323
List the prime factors of 27539578.
2, 11, 1069, 1171
List the prime factors of 1957899224.
2, 244737403
List the prime factors of 839323901.
13, 64563377
List the prime factors of 152595268.
2, 7, 31, 53, 107
What are the prime factors of 227040492?
2, 3, 7, 883, 3061
List the prime factors of 2765568.
2, 3, 13, 277
List the prime factors of 1620394193.
11, 147308563
What are the prime factors of 36009074?
2, 18004537
List the prime factors of 1695143616.
2, 3, 211, 41843
What are the prime factors of 368800587?
3, 47, 290623
List the prime factors of 1673778283.
2099, 797417
What are the prime factors of 16722427?
16722427
List the prime factors of 178912396.
2, 13, 773, 4451
List the prime factors of 797356924.
2, 7, 13, 2190541
What are the prime factors of 93731232?
2, 3, 7, 101, 1381
List the prime factors of 152008673.
809, 187897
What are the prime factors of 51774178?
2, 25887089
What are the prime factors of 1275418333?
7, 23, 1553, 5101
What are the prime factors of 21964820?
2, 5, 709, 1549
List the prime factors of 137629854.
2, 3, 503, 563
What are the prime factors of 41686083?
3, 514643
What are the prime factors of 662602529?
83, 107, 74609
List the prime factors of 34712826.
2, 3, 29, 199499
What are the prime factors of 79632062?
2, 557, 71483
List the prime factors of 41472955.
5, 709, 11699
List the prime factors of 6423412.
2, 1605853
List the prime factors of 1507023738.
2, 3, 11, 107, 131, 181
List the prime factors of 13747973.
31, 317, 1399
What are the prime factors of 46904962?
2, 13, 1804037
List the prime factors of 21243456.
2, 3, 13, 2837
List the prime factors of 17203114.
2, 8601557
What are the prime factors of 947458905?
3, 5, 1039, 60793
What are the prime factors of 34572847?
34572847
List the prime factors of 192884072.
2, 23, 617, 1699
What are the prime factors of 860794973?
37, 61, 381389
List the prime factors of 84344924.
2, 31, 349, 1949
What are the prime factors of 3151929321?
3, 101, 1155823
List the prime factors of 198330440.
2, 5, 7, 11, 9199
What are the prime factors of 208461066?
2, 3, 11, 197, 16033
What are the prime factors of 228868642?
2, 19, 41, 71, 2069
List the prime factors of 595366159.
19, 241, 130021
List the prime factors of 82276177.
82276177
What are the prime factors of 886953?
3, 41, 7211
What are the prime factors of 1884239347?
1884239347
List the prime factors of 63090136.
2, 157, 50231
List the prime factors of 35990971.
73, 493027
What are the prime factors of 43028934?
2, 3, 13, 551653
What are the prime factors of 243163258?
2, 13, 53, 176461
List the prime factors of 2421452434.
2, 1951, 620567
What are the prime factors of 473902155?
3, 5, 10531159
List the prime factors of 3254079942.
2, 3, 180782219
List the prime factors of 202261799.
277, 730187
List the prime factors of 902430704.
2, 7, 131, 61507
What are the prime factors of 61057023?
3, 20352341
What are the prime factors of 2636866116?
2, 3, 1567, 15581
What are the prime factors of 120516202?
2, 19, 3171479
What are the prime factors of 114027618?
2, 3, 19004603
List the prime factors of 63937006.
2, 7, 4566929
List the prime factors of 184182910.
2, 5, 18418291
List the prime factors of 193004852.
2, 571, 84503
What are the prime factors of 102273211?
97, 1054363
What are the prime factors of 243607415?
5, 48721483
List the prime factors of 68783810.
2, 5, 241, 28541
List the prime factors of 31215593.
89, 350737
What are the prime factors of 16145804?
2, 4036451
What are the prime factors of 103059759?
3, 11, 3123023
What are the prime factors of 831196772?
2, 7, 41, 263, 2753
What are the prime factors of 103131176?
2, 97, 347, 383
List the prime factors of 136290871.
167, 816113
What are the prime factors of 122486101?
122486101
What are the prime factors of 27527068?
2, 173, 39779
What are the prime factors of 593259759?
3, 101, 652651
List the prime factors of 4081984186.
2, 7, 2393, 121843
What are the prime factors of 4448006181?
3, 5557, 88937
List the prime factors of 643623667.
643623667
What are the prime factors of 1501048232?
2, 1201, 156229
List the prime factors of 5234592299.
5234592299
What are the prime factors of 116255058?
2, 3, 43, 450601
What are the prime factors of 154758625?
5, 7, 137, 1291
List the prime factors of 1088329301.
3659, 297439
What are the prime factors of 186851865?
3, 5, 12456791
List the prime factors of 5126901180.
2, 3, 5, 43, 739, 2689
What are the prime factors of 459835839?
3, 17, 1001821
List the prime factors of 106991572.
2, 26747893
What are the prime factors of 4534167643?
4534167643
List the prime factors of 1133983253.
13, 97, 899273
List the prime factors of 7292515474.
2, 61, 59774717
List the prime factors of 166123128.
2, 3, 89, 77773
What are the prime factors of 29901453?
3, 17, 31, 18913
List the prime factors of 79773620.
2, 5, 3988681
List the prime factors of 9144343860.
2, 3, 5, 17, 193, 46451
List the prime factors of 162661319.
29, 61, 91951
What are the prime factors of 4605532735?
5, 921106547
List the prime factors of 6212914440.
2, 3, 5, 4733, 10939
List the prime factors of 233812371.
3, 13, 43, 139423
What are the prime factors of 44804105?
5, 101, 88721
List the prime factors of 181539280.
2, 5, 13, 173, 1009
List the prime factors of 4065619501.
4065619501
List the prime factors of 22695380.
2, 5, 1134769
What are the prime factors of 509677738?
2, 37, 1753, 3929
What are the prime factors of 80070666?
2, 3, 13, 1026547
What are the prime factors of 28189811?
13, 43, 211, 239
List the prime factors of 49719638.
2, 37, 671887
What are the 